mmon divisor of h and 26.
13
Suppose -5*k + 10 = 0, -5*f + 0*k + 5*k + 95 = 0. Calculate the highest common factor of f and 903.
21
Suppose 0 = 2*d - 6, 4*w - 5*d = 805 + 204. Calculate the greatest common factor of 3104 and w.
32
Suppose -91048*l + 134412 = -91025*l. Calculate the highest common divisor of 36 and l.
12
Suppose -36934 = -3*w - 2*t, 5*w = -660*t + 659*t + 61552. What is the greatest common factor of w and 10?
10
Let f = -64 - -74. Let z(g) = -5*g + 50. Let j be z(f). Suppose j = -2*k - 4*k + 30. Calculate the greatest common divisor of 40 and k.
5
Let n = 114 - 97. Let q = n + 253. Calculate the greatest common factor of q and 30.
30
Let x = 13164 + -13147. Calculate the highest common divisor of x and 8891.
17
Suppose 14*j = 4*j + 3420. Let v be (8 - (-2 - -1)) + j. Calculate the highest common divisor of v and 78.
39
Suppose -2*f - 3*p + 13 = 0, 5*f - 4*p - 6 = -8. Suppose -5*c + 4*u = -f*c - 100, 0 = -4*c - u + 127. Calculate the greatest common divisor of c and 64.
32
Let f = 30 + -22. Let g(j) = -2*j**3 + 16*j**2 + j - 5. Let u be g(f). Suppose -u*o - 6*o = -135. What is the greatest common divisor of 10 and o?
5
Let p(j) = -j**3 + 33*j**2 - 5*j + 13. Let i be p(33). Let d = i - -156. Suppose -48 = -3*o - 0*o. Calculate the highest common factor of d and o.
4
Suppose 450 + 13153 = 223*j. What is the highest common divisor of 73688 and j?
61
Suppose 2*a + 3*p - 46 = -0*a, 2*p + 4 = 0. Let b(m) = m**3 + 212*m**2 - 1398*m - 19618. Let z be b(-218). Calculate the highest common divisor of z and a.
2
Suppose 408 = m - 5*r, 6 = 4*r + 2. Let w = m + -308. What is the greatest common divisor of 175 and w?
35
Let r be (0 + 12)/((-72)/(-48)). Suppose r*q = 195 + 181. Calculate the highest common divisor of q and 3.
1
Let i = 2571 - 2556. Let f be 10/4*(142 + 2). Suppose f = 4*u - 0*u. Calculate the greatest common factor of i and u.
15
Let a be (-1 + 0)*280/(-20). Let o be (5 - 12 - -3) + 53. What is the highest common divisor of a and o?
7
Let b(q) = -274*q - 2*q**2 + 128*q + 126*q + q**2. Let t be b(-19). Calculate the highest common divisor of 19 and t.
19
Let h(y) = 2*y**3 - 98*y**2 + 272*y + 186. Let t be h(46). Calculate the greatest common divisor of t and 794.
2
Let b(o) = 38*o - 797. Let m be b(24). Calculate the highest common divisor of m and 3.
1
Let w be -11 - 606 - (0 + (2 - 0)). Let j = -545 - w. What is the highest common divisor of 6 and j?
2
Let b = 161 + -132. Suppose 5*t = -o + 1307, -2*t - 3*t = -2*o - 1301. What is the greatest common divisor of b and t?
29
Let f be (-3710)/(4/(-34) + (-99)/748). What is the highest common divisor of f and 1400?
280
Let h be (-21)/27 + 6 + (-2)/9. Let y(k) = k**2 + 2*k - 25. Let a be y(h). Let f be (-30)/(-1 - 2/(-3)). Calculate the highest common factor of a and f.
10
Suppose -n - 5*w = -23, 4 + 8 = 3*w. Let d be ((-9)/n)/((-6)/86). Suppose 1 + d = 4*q. Calculate the greatest common divisor of q and 1.
1
Let n = -24 - -28. Let q be -1 + n + 7 + -5. Let h(m) = m**2 + m + 5. Let p be h(-5). Calculate the highest common factor of p and q.
5
Suppose 0 = 3*q - 5*c - 32740, 18*q - 32756 = 15*q + c. What is the greatest common divisor of q and 195?
195
Let c be ((-16)/(-30))/(176/54120). Calculate the greatest common divisor of 19106 and c.
82
Suppose -4*o = 249 - 21. Suppose w - 137 = -5*h - 15, 0 = -5*w + h + 610. Let u = o + w. What is the highest common divisor of 13 and u?
13
Let r = 17 + 13. Suppose -5 = -3*b - 3*i + 1309, 2*b = -4*i + 882. Calculate the greatest common factor of b and r.
15
Suppose 1528 + 1649 - 2106 = 9*q. What is the highest common factor of q and 931?
7
Suppose -6*h - 150 = -2*o - 2*h, 0 = -o + h + 75. Let m = 143 - o. Suppose -l + m = -7. What is the greatest common divisor of l and 25?
25
Let h = -3377 + 3521. Let i be (-2)/(-4) + 382/4. What is the highest common divisor of h and i?
48
Let r(p) = -p**3 - 32*p**2 - 316*p + 23. Let l be r(-28). Calculate the highest common divisor of l and 185.
185
Suppose -177*g - 23497 + 82615 = 0. What is the highest common divisor of g and 12859?
167
Suppose 281*q = -118*q + 29*q + 343360. Calculate the highest common divisor of q and 5336.
232
Suppose 0 = -60*z + 62*z - 142. Suppose -v = -5*h - 111, -4*v + 349 + z = 4*h. Let d be v*(-4)/(-8) + (-1)/1. Calculate the highest common divisor of 39 and d.
13
Suppose 2*n = d + 195, -3*n = -d - 250 - 41. Calculate the greatest common divisor of 615 and n.
3
Let i be (0 - 17) + 231 - 17. What is the greatest common factor of i and 31126?
197
Suppose 0 = -4*o - 5*z + 1972, 73*z - 71*z + 8 = 0. What is the greatest common divisor of 16683 and o?
249
Suppose 129*a = -236*a + 7407675. What is the greatest common divisor of a and 55?
55
Let k(i) = 2*i + 9. Let u be k(7). Let q = -26225 - -26409. Calculate the greatest common divisor of u and q.
23
Suppose 12*n - 2*q = 3*n + 332, -3*q + 129 = 3*n. Suppose 54*d + 418 = 55*d. Calculate the greatest common factor of d and n.
38
Suppose -2 = -2*q, 10 + 3 = x - 3*q. Suppose 3*h = 3, 474*w - 124 = 470*w + 4*h. Calculate the greatest common factor of w and x.
16
Let k = -233605 + 233839. Let o = 22 + -4. Calculate the greatest common factor of o and k.
18
Let i be (-4840)/(-77) + (-1)/(-7). Let s = 98 - i. Suppose -215 - 310 = -3*u. What is the greatest common factor of s and u?
35
Suppose -c = 3*y + 2*c - 45, -2*y = -4*c + 6. Calculate the highest common divisor of 3123 and y.
9
Let a(s) = 7 - 37 + s**2 + 10 + 12*s. Let g be a(-14). What is the highest common divisor of 40 and g?
8
Suppose 0 = -9*q + 23*q - 2464. Let d = q + -157. What is the greatest common divisor of d and 399?
19
Let v(l) = -l**3 - 43*l**2 + 138*l + 6. Let k be v(-46). What is the greatest common divisor of k and 1626?
6
Suppose -i + z - 26 = -4*i, 2*z = -3*i + 22. Suppose -19*y - 2324 + 310 = 0. Let n = y - -131. Calculate the greatest common factor of n and i.
5
Suppose -4 = -3*c - q, 9*q - 5*q = 4*c - 16. Suppose -2*l - 204 = -4*t, -8 = -2*l - c*l. Calculate the highest common factor of 169 and t.
13
Let w = -6432 - -7685. Calculate the greatest common divisor of w and 895.
179
Suppose 0 = -3*x + 2987 + 820. Calculate the greatest common factor of 135 and x.
27
Suppose q = -4*o + 871, 7*o - 534 = 4*o - 14*q. Suppose -54 + 10 = -n. Calculate the highest common factor of o and n.
44
Let g be (-2)/(6/(-6)) - 20. Let n be (g/45)/((-4)/10). Calculate the greatest common factor of 19 and n.
1
Let k(j) = -j**3 + 19*j**2 + 8*j - 32. Let n be 19/(1/((-4)/(-4))). Let g be k(n). What is the highest common factor of g and 10?
10
Let b be -12 + (-86058)/(-108) + 1/6. What is the greatest common factor of b and 35?
5
Let j be 105/(-60) + ((-16941)/(-12) - -6). What is the highest common factor of j and 84?
12
Suppose 4*z + 8 = -5*h, -4*h - 9 = 3*z - 2. Suppose z*l - 19 = -4. Let b be (3 + -33)/(((-60)/(-8))/(-5)). What is the highest common factor of b and l?
5
Suppose -10*c = -8*c - 1234. Let v = -565 + c. What is the greatest common factor of v and 468?
52
Let w(x) = -132*x + 1424. Let l be w(10). Calculate the greatest common factor of l and 12.
4
Let w(f) = -f**2 + 16*f - 12. Let s be w(15). Let b = 15 - 2. Calculate the highest common factor of s and b.
1
Let a = 6219 + -1291. Suppose -a = -11*q - 11*q. What is the greatest common factor of q and 128?
32
Let s = -935 + 980. Suppose -155 - s = -5*b. Let j be ((-15)/(-6))/(2/48). Calculate the greatest common factor of b and j.
20
Suppose 8*f + 5*f = -91. Let r(k) = 19*k - 32. Let n(y) = y + 1. Let g(t) = 3*n(t) - r(t). Let q be g(f). What is the highest common divisor of q and 21?
21
Let u(r) = r**3 - 5*r**2 - 5*r. Let g be u(6). Suppose q = -9*q + 20. Suppose 0 = q*c - 52 + 16. What is the greatest common factor of c and g?
6
Let a(p) = p. Let t = 23 - 25. Let w(b) = -12*b - 7. Let k(h) = t*w(h) - 22*a(h). Let u be k(0). Calculate the highest common divisor of u and 35.
7
Let x(y) = -376*y + 2368. Let r be x(4). Calculate the highest common factor of r and 4128.
96
Suppose 0 = 20*m - 50095 + 1317 - 5622. Calculate the greatest common divisor of m and 40.
40
Suppose 70 = 5*j - 344*p + 339*p, -j + 24 = 4*p. What is the highest common divisor of j and 234?
2
Suppose -d + 2120 = 2*p, 4*p + 4*d + 50 - 4298 = 0. Calculate th